 + 3338. List the prime factors of q.
2, 653
Let t = 18 - 92. Let u = 61 - t. List the prime factors of u.
3, 5
Let d be 98/(-56) + (-6)/(-8). Let l be (10/(-4))/(d/(-2)). Let a(o) = -o**2 - 10*o + 6. What are the prime factors of a(l)?
31
Suppose -21 + 15 = -3*y. Suppose -4*x + 383 = -5*a, -2*x - y*x - 4*a = -356. What are the prime factors of x?
2, 23
Suppose 0 = -5*g + w + 1030, -618 = g - 4*g - 2*w. What are the prime factors of g?
2, 103
Suppose 0 = -4*w - 12 + 48. Let t be 1/((-5 + 2)/w). What are the prime factors of 23 + t - -3 - -3?
2, 13
Suppose l + 2 = 9. Suppose -2*o = -3*k - 187, -2*k - 131 = -2*o + l*o. List the prime factors of 308/9 + 14/k.
2, 17
Suppose -v = -d + 1454, -d + 966 = -3*v - 486. What are the prime factors of d?
3, 5, 97
Suppose 525*i - 12051 = 512*i. What are the prime factors of i?
3, 103
Let i = 0 + -4. Let n(s) = -5*s**2 + 2*s - 4. Let f(m) = 6*m**2 - 3*m + 4. Let v(l) = -4*f(l) - 5*n(l). What are the prime factors of v(i)?
2, 3
Let s(t) = t**2 - 13*t + 268. What are the prime factors of s(-27)?
2, 337
Let c = 63 + -65. What are the prime factors of 1238/10 + c + 5/25?
2, 61
Let y(b) = -b**3 + 25*b**2 - 30*b - 26. List the prime factors of y(11).
2, 3, 223
Suppose -2*r + r + 271 = 0. Let o = r + -142. What are the prime factors of o?
3, 43
Let z be 0 + -1 - (-39 - -1). Suppose 2*c + m = c + 11, m = 3*c - z. List the prime factors of 120*(c/8 - 1).
2, 3, 5
Let q = -16 - -21. Suppose a = -x + 79, 19 + 36 = a - q*x. List the prime factors of a.
3, 5
Let w(y) = -7*y + 2. Let i(c) = 20*c - 5. Let g(h) = -2*i(h) - 7*w(h). Let s be g(5). Let v = s + -22. List the prime factors of v.
19
Let h(o) = 78*o + 3. Let k be h(-2). Let a = k - -303. Suppose 6*n = n + a. List the prime factors of n.
2, 3, 5
Let k(t) = t**3 - 9*t**2 - 12*t - 12. Suppose -4*x - a + 32 = -9, -2*x + 10 = 4*a. What are the prime factors of k(x)?
2, 7
Let b = 171 + -163. Let j(h) be the second derivative of 7*h**3/6 - 17*h**2/2 - h. What are the prime factors of j(b)?
3, 13
Let s(t) be the first derivative of 5*t**4/4 + 7*t**2/2 - 25. List the prime factors of s(3).
2, 3, 13
Let n = 57 + 427. What are the prime factors of n?
2, 11
Let f = 415 + 132. What are the prime factors of f?
547
Suppose -102*p + 100*p + 1956 = 0. List the prime factors of p.
2, 3, 163
Suppose 45*t = 49*t. Let b(k) = 25*k**2 + 19*k**2 + t*k**2 - k. What are the prime factors of b(1)?
43
What are the prime factors of (-2 + 1)/((-7556)/1888 + 4)?
2, 59
Let k(m) = -3*m**2 + 91*m - 26. List the prime factors of k(15).
2, 83
What are the prime factors of 0 - -7 - (-248 - 3)?
2, 3, 43
Let o = -550 + 1642. What are the prime factors of o?
2, 3, 7, 13
Let b = -90 - -144. Suppose 4*h - 201 = -5*o, -h + 61 = 3*o - b. Suppose -5*w = -3*y - 30, 3*w + w - 5*y - o = 0. What are the prime factors of w?
3
Let y = 4604 + -2976. What are the prime factors of y?
2, 11, 37
List the prime factors of (-20)/(-16) - 5526/(-8).
2, 173
Suppose h = 4*v, h = -v + 4*v. Suppose -5*j + 5*f = -220, -f - 130 = -3*j - v*j. List the prime factors of j.
43
Suppose -3788 = -5*x - 3*t, 12*t - 8*t - 3032 = -4*x. List the prime factors of x.
757
Let q(y) = 18 - 29*y + 0 - 21. Let r be (4/10)/(1/(-5)). What are the prime factors of q(r)?
5, 11
Let c = 50 - 57. Let m = 72 + c. List the prime factors of m.
5, 13
Suppose 115 = -150*k + 155*k. Let u be 1/(-2)*(5 - -1). Let l = k + u. List the prime factors of l.
2, 5
Let i(h) = 2*h**3 + 6*h**2 - 6*h + 2. List the prime factors of i(4).
2, 101
Let y be (6*-2)/(0 + 1). Let i = -4 - y. Suppose 0 = 2*b + i - 0, -z = 5*b - 3. What are the prime factors of z?
23
Suppose -2*i + 1149 + 445 = 2*s, -2*s - 3*i + 1590 = 0. List the prime factors of s.
3, 89
Let q be (-6)/((-6)/9*3). Let v be (q/(-2))/(2/(-4)). Suppose r - v*r = 3*m - 28, 4*r = 3*m + 20. What are the prime factors of r?
2
Let g be 0 + 4 - 5 - -17. Suppose -g*u = -14*u - 350. List the prime factors of u.
5, 7
Suppose -545 = -5*m - 0*g - 5*g, -421 = -4*m - g. Suppose 3*n + 5*j - 134 = 0, -j + 5*j = 2*n - m. List the prime factors of n.
2, 3
Let b = -10 + 10. Suppose 0 = -2*m - b + 214. List the prime factors of m.
107
Suppose 8*x - 5379 = 6749. What are the prime factors of x?
2, 379
Let d(h) = -41*h - 15. Let v be (-22)/(-8) + (-6)/(-24) - 6. List the prime factors of d(v).
2, 3
Let q = 1525 - 359. List the prime factors of q.
2, 11, 53
Let x be (-3 + -1)/(2/16*-2). Suppose -15*v + x*v = 110. What are the prime factors of v?
2, 5, 11
Let p(i) = 17*i**3 + i**2 - i - 2. Let y be p(-1). What are the prime factors of 25 + y + 2*1?
2, 5
Let w(q) = 301*q**3 - q**2 - 3*q + 2. What are the prime factors of w(1)?
13, 23
Suppose 9*r + 72 = -3*r. List the prime factors of ((-369)/6 + 3)*r/3.
3, 13
Suppose 0 + 4 = 4*w. Suppose 2*l + w - 21 = 0. What are the prime factors of 2358/45 + (-4)/l?
2, 13
Suppose 30*r + 0*r - 22530 = 0. What are the prime factors of r?
751
Let a(b) = -15*b**3 + 3*b**2 - 3*b - 7. Let v be a(-3). Suppose 5*g = -3*t + v, -4*t = 3*g - 82 - 482. List the prime factors of t.
2, 3, 23
Let d = 12 + -26. Let c = -12 - d. Suppose -c*t + 61 = 3*r - 0*r, -5*r + 5 = 0. List the prime factors of t.
29
Suppose 3*v = v + 5*c + 1039, -2064 = -4*v - 4*c. List the prime factors of v.
11, 47
Let j be 3/(4 - (-25)/(-10)). Suppose -48 = j*k - 8*k. List the prime factors of k.
2
Let f be 59 - 2 - 4/2. Let m be 1/(-2) - f/(-10). Suppose 5*r = -m*v + 90, 2*r - 79 = -5*v - 34. List the prime factors of r.
3, 5
Let b = -25 - -29. Let n be (6 - b)*(-25)/2. List the prime factors of (-4)/(-2)*(27 + n).
2
Let w(n) = -n**2 + 2*n - 2. Let l be w(-2). What are the prime factors of (1 - 2)/(2/l)?
5
List the prime factors of 9*((-60)/(-24) + 49/6).
2, 3
Let x = 1170 - -28. What are the prime factors of x?
2, 599
Suppose 0 = -0*q - 2*q + 4. Suppose -7*p + q*p + g + 310 = 0, p - 38 = 5*g. Suppose -5*j + 2 = -p. What are the prime factors of j?
13
Suppose -1866 = -2*o + 6102. List the prime factors of o.
2, 3, 83
Let p = -2779 + 6019. What are the prime factors of p?
2, 3, 5
Let n(b) = -7*b - 22. Suppose g - 16 = 4*j, -g + 3*j + 13 + 0 = 0. Suppose 0*c - 7 = -2*w + 5*c, g*w + 4*c = -56. What are the prime factors of n(w)?
41
Suppose 7*l - 759 - 2902 = 0. What are the prime factors of l?
523
Let d(r) = -r**2 + 4*r + 4. Let k be d(4). Let l(y) = y**3 + 3*y**3 - k*y**3 - y**3 - 2 + 7*y**2 - 7*y. List the prime factors of l(5).
13
Suppose -5*i = -25, -208 = -3*g - i + 2*i. Let n = g - 35. What are the prime factors of n?
2, 3
Let l be (2 - 3)/(2 + -3). List the prime factors of ((-422)/(-6))/((-4)/(-3) - l).
211
Suppose 6*x = 130 + 2. Let g = x + 117. What are the prime factors of g?
139
Let v = 48 + -45. Suppose -o = -5*j - 0*o + 1065, 621 = 3*j + v*o. List the prime factors of j.
2, 53
List the prime factors of 1360/18 - 28/(-63).
2, 19
Suppose 0 = o - 3*w + 12 - 3, 4*w - 12 = -2*o. Let z = o + 10. What are the prime factors of z?
2, 5
Suppose 6 = -9*r - 30. List the prime factors of 2/8 - r/((-80)/(-5415)).
271
Suppose 4*l = -6*i + 8*i - 722, 5*l + 895 = 4*i. What are the prime factors of (-4)/4*l/3?
61
Let g(p) = -p**3 - 7*p**2 - 8*p - 8. Let w be g(-6). Suppose 1 = 2*k - 7, w*s = 4*k + 300. What are the prime factors of s?
79
Suppose -2*h = -3*n - 927, -3*h = -3*n + 236 - 1628. Suppose -h + 3 = -7*k. List the prime factors of k.
2, 3, 11
Let k(t) = -t**2 - 5*t + 3. Let c be k(-6). Let o = c + 7. Suppose -5*g - 125 = -4*j, 2*j - o*g + 2*g - 60 = 0. List the prime factors of j.
5
Let t(i) = i**2 + i + 7. Let d be 12/(-5)*50/(-20). List the prime factors of t(d).
7
Suppose -9*p = -p - 16. Let f = 25 - p. What are the prime factors of f?
23
Let i(z) = 12*z + 21*z**2 + 27*z**2 + 7 - 47*z**2. What are the prime factors of i(-13)?
2, 5
Suppose 5*j + 47 + 23 = 0. List the prime factors of (2 + j/6)*(-3 - 363).
2, 61
Suppose -83*h - 11004 = -90*h. What are the prime factors of h?
2, 3, 131
Let k(n) = 3*n**2 - 79*n + 35. Let p(h) = 2*h**2 - 53*h + 23. Let v(t) = -5*k(t) + 7*p(t). List the prime factors of v(20).
2, 3, 11
Let y be (-26)/(39/(-12) + 3). Let x be (-72)/(-16)*y/6. Suppose 172 + x = 5*h. List the prime factors of h.
2, 5
Suppose -14 = -3*m + 2*l, 5*l + 0*l = -20. Suppose -f - 1 = -m*h, -2*h + 6 = -2*f - 2. Let j(g) = g**2 + 6*g - 5. Li